{"id":38,"date":"2015-07-16T09:06:39","date_gmt":"2015-07-16T07:06:39","guid":{"rendered":"http:\/\/www.altstadthort.altlandsberg.de\/altstadthort\/?page_id=38"},"modified":"2026-04-29T15:01:44","modified_gmt":"2026-04-29T13:01:44","slug":"startseite-2","status":"publish","type":"page","link":"http:\/\/www.altstadthort.altlandsberg.de\/","title":{"rendered":"Herzlich Willkommen"},"content":{"rendered":"\r\n<p>&nbsp;<\/p>\r\n\r\n\r\n\r\n<p>&nbsp;<\/p>\r\n\r\n\r\n\r\n<p><strong><span class=\"style142\">Liebe Eltern,<br><\/span><\/strong><span class=\"style142\"><br>an dieser Stelle m\u00f6chten wir Ihnen einen Eindruck unserer&nbsp;Horteinrichtung vermitteln und viele Tipps und Hilfestellungen f\u00fcr Sie und Ihre Kinder zur Verf\u00fcgung stellen.<\/span><\/p>\r\n\r\n\r\n\r\n<p>Wir freuen uns auch auf Hilfen Ihrerseits. Wie und Womit erfahren Sie in unserem monatlichen <a href=\"http:\/\/www.altstadthort.altlandsberg.de\/?page_id=8\" target=\"_blank\" rel=\"noopener noreferrer\">Elternbrief<\/a>&nbsp;oder aber \u00fcber unseren <a href=\"http:\/\/www.altstadthort.altlandsberg.de\/?page_id=385\" target=\"_blank\" rel=\"noopener noreferrer\">F\u00f6rderverein des Altstadt-Hortes<\/a>.<\/p>\r\n<p>&nbsp;<\/p>\r\n<p style=\"text-align: center;\"><span style=\"color: #ff0000;\"><strong>ACHTUNG &#8211; <a href=\"http:\/\/www.altstadthort.altlandsberg.de\/?page_id=181\" target=\"_blank\" rel=\"noopener\">Ferienanmeldung<\/a> f\u00fcr den 26.05.2026 nicht vergessen!<\/strong><\/span><\/p>\r\n<p>&nbsp;<\/p>\r\n<p>&nbsp;<\/p>\r\n<p><span style=\"color: #339966;\"><strong>Weihnachtszeit &#8211; Julia wollte von unseren Hortkindern wissen, wie sie sich auf Weihnachten vorbereiten.<\/strong><\/span><\/p>\r\n<div id=\"attachment_1179\" style=\"width: 310px\" class=\"wp-caption alignnone\"><a href=\"http:\/\/www.altstadthort.altlandsberg.de\/?page_id=309\"><img loading=\"lazy\" decoding=\"async\" aria-describedby=\"caption-attachment-1179\" class=\"wp-image-1179 size-medium\" src=\"http:\/\/www.altstadthort.altlandsberg.de\/wp-content\/uploads\/2024\/12\/Julia_Interview-300x277.png\" alt=\"\" width=\"300\" height=\"277\" srcset=\"http:\/\/www.altstadthort.altlandsberg.de\/wp-content\/uploads\/2024\/12\/Julia_Interview-300x277.png 300w, http:\/\/www.altstadthort.altlandsberg.de\/wp-content\/uploads\/2024\/12\/Julia_Interview.png 727w\" sizes=\"auto, (max-width: 300px) 100vw, 300px\" \/><\/a><p id=\"caption-attachment-1179\" class=\"wp-caption-text\">Bild anklicken &#8211;&gt; Hortis in Aktion!<\/p><\/div>\r\n<h1 style=\"text-align: center;\"><\/h1>\r\n<h1 style=\"text-align: center;\"><\/h1>\r\n<p>&nbsp;<\/p>\r\n<p><!-- \/wp:post-content --><\/p>\r\n<h1 style=\"text-align: center;\"><!-- \/wp:paragraph --><\/h1>\r\n<p><em><strong><span style=\"color: #800080;\">Hier gibt es noch mehr zu entdecken:&nbsp;<\/span><\/strong><\/em><\/p>\r\n<p><a href=\"http:\/\/www.altstadthort.altlandsberg.de\/?page_id=14\" target=\"_blank\" rel=\"noopener\">Chronik&nbsp;<\/a><\/p>\r\n<p><a href=\"http:\/\/www.altstadthort.altlandsberg.de\/?page_id=309\" target=\"_blank\" rel=\"noopener\">Hortis in Aktion<\/a><\/p>\r\n<p><a href=\"http:\/\/www.altstadthort.altlandsberg.de\/?page_id=1115\" target=\"_blank\" rel=\"noopener\">Bilderchronik 2024<\/a><\/p>\r\n<p><a href=\"http:\/\/www.altstadthort.altlandsberg.de\/?page_id=1076\" target=\"_blank\" rel=\"noopener\">Bilderchronik 2023<\/a><\/p>\r\n<p><a href=\"http:\/\/www.altstadthort.altlandsberg.de\/?page_id=992\" target=\"_blank\" rel=\"noopener\">Bilderchronik 2022<\/a><\/p>\r\n<p><a href=\"http:\/\/www.altstadthort.altlandsberg.de\/?page_id=67\" target=\"_blank\" rel=\"noopener\">Bilderchronik 2021<\/a><\/p>","protected":false},"excerpt":{"rendered":"<p>&nbsp; &nbsp; Liebe Eltern,an dieser Stelle m\u00f6chten wir Ihnen einen Eindruck unserer&nbsp;Horteinrichtung vermitteln und viele Tipps und Hilfestellungen f\u00fcr Sie und Ihre Kinder zur Verf\u00fcgung stellen. Wir freuen uns auch auf Hilfen Ihrerseits. Wie und Womit erfahren Sie in unserem monatlichen Elternbrief&nbsp;oder aber \u00fcber unseren F\u00f6rderverein des Altstadt-Hortes. &nbsp; ACHTUNG &#8211; Ferienanmeldung f\u00fcr den 26.05.2026 [&hellip;]<\/p>\n","protected":false},"author":2,"featured_media":0,"parent":0,"menu_order":0,"comment_status":"closed","ping_status":"closed","template":"","meta":{"ngg_post_thumbnail":0,"footnotes":""},"class_list":["post-38","page","type-page","status-publish","hentry"],"yoast_head":"<!-- This site is optimized with the Yoast SEO plugin v27.6 - https:\/\/yoast.com\/product\/yoast-seo-wordpress\/ -->\n<title>Herzlich Willkommen -<\/title>\n<meta name=\"robots\" content=\"index, follow, max-snippet:-1, max-image-preview:large, max-video-preview:-1\" \/>\n<link rel=\"canonical\" href=\"http:\/\/www.altstadthort.altlandsberg.de\/\" \/>\n<meta property=\"og:locale\" content=\"de_DE\" \/>\n<meta property=\"og:type\" content=\"article\" \/>\n<meta property=\"og:title\" content=\"Herzlich Willkommen -\" \/>\n<meta property=\"og:description\" content=\"&nbsp; &nbsp; Liebe Eltern,an dieser Stelle m\u00f6chten wir Ihnen einen Eindruck unserer&nbsp;Horteinrichtung vermitteln und viele Tipps und Hilfestellungen f\u00fcr Sie und Ihre Kinder zur Verf\u00fcgung stellen. Wir freuen uns auch auf Hilfen Ihrerseits. Wie und Womit erfahren Sie in unserem monatlichen Elternbrief&nbsp;oder aber \u00fcber unseren F\u00f6rderverein des Altstadt-Hortes. &nbsp; ACHTUNG &#8211; Ferienanmeldung f\u00fcr den 26.05.2026 [&hellip;]\" \/>\n<meta property=\"og:url\" content=\"http:\/\/www.altstadthort.altlandsberg.de\/\" \/>\n<meta property=\"article:modified_time\" content=\"2026-04-29T13:01:44+00:00\" \/>\n<meta property=\"og:image\" content=\"http:\/\/www.altstadthort.altlandsberg.de\/wp-content\/uploads\/2024\/12\/Julia_Interview.png\" \/>\n\t<meta property=\"og:image:width\" content=\"727\" \/>\n\t<meta property=\"og:image:height\" content=\"672\" \/>\n\t<meta property=\"og:image:type\" content=\"image\/png\" \/>\n<meta name=\"twitter:card\" content=\"summary_large_image\" \/>\n<meta name=\"twitter:label1\" content=\"Gesch\u00e4tzte Lesezeit\" \/>\n\t<meta name=\"twitter:data1\" content=\"1\u00a0Minute\" \/>\n<script type=\"application\/ld+json\" class=\"yoast-schema-graph\">{\"@context\":\"https:\\\/\\\/schema.org\",\"@graph\":[{\"@type\":\"WebPage\",\"@id\":\"http:\\\/\\\/www.altstadthort.altlandsberg.de\\\/\",\"url\":\"http:\\\/\\\/www.altstadthort.altlandsberg.de\\\/\",\"name\":\"Herzlich Willkommen -\",\"isPartOf\":{\"@id\":\"http:\\\/\\\/www.altstadthort.altlandsberg.de\\\/#website\"},\"primaryImageOfPage\":{\"@id\":\"http:\\\/\\\/www.altstadthort.altlandsberg.de\\\/#primaryimage\"},\"image\":{\"@id\":\"http:\\\/\\\/www.altstadthort.altlandsberg.de\\\/#primaryimage\"},\"thumbnailUrl\":\"http:\\\/\\\/www.altstadthort.altlandsberg.de\\\/wp-content\\\/uploads\\\/2024\\\/12\\\/Julia_Interview-300x277.png\",\"datePublished\":\"2015-07-16T07:06:39+00:00\",\"dateModified\":\"2026-04-29T13:01:44+00:00\",\"breadcrumb\":{\"@id\":\"http:\\\/\\\/www.altstadthort.altlandsberg.de\\\/#breadcrumb\"},\"inLanguage\":\"de\",\"potentialAction\":[{\"@type\":\"ReadAction\",\"target\":[\"http:\\\/\\\/www.altstadthort.altlandsberg.de\\\/\"]}]},{\"@type\":\"ImageObject\",\"inLanguage\":\"de\",\"@id\":\"http:\\\/\\\/www.altstadthort.altlandsberg.de\\\/#primaryimage\",\"url\":\"http:\\\/\\\/www.altstadthort.altlandsberg.de\\\/wp-content\\\/uploads\\\/2024\\\/12\\\/Julia_Interview.png\",\"contentUrl\":\"http:\\\/\\\/www.altstadthort.altlandsberg.de\\\/wp-content\\\/uploads\\\/2024\\\/12\\\/Julia_Interview.png\",\"width\":727,\"height\":672},{\"@type\":\"BreadcrumbList\",\"@id\":\"http:\\\/\\\/www.altstadthort.altlandsberg.de\\\/#breadcrumb\",\"itemListElement\":[{\"@type\":\"ListItem\",\"position\":1,\"name\":\"Startseite\",\"item\":\"http:\\\/\\\/www.altstadthort.altlandsberg.de\\\/\"},{\"@type\":\"ListItem\",\"position\":2,\"name\":\"Herzlich Willkommen\"}]},{\"@type\":\"WebSite\",\"@id\":\"http:\\\/\\\/www.altstadthort.altlandsberg.de\\\/#website\",\"url\":\"http:\\\/\\\/www.altstadthort.altlandsberg.de\\\/\",\"name\":\"\",\"description\":\"\",\"potentialAction\":[{\"@type\":\"SearchAction\",\"target\":{\"@type\":\"EntryPoint\",\"urlTemplate\":\"http:\\\/\\\/www.altstadthort.altlandsberg.de\\\/?s={search_term_string}\"},\"query-input\":{\"@type\":\"PropertyValueSpecification\",\"valueRequired\":true,\"valueName\":\"search_term_string\"}}],\"inLanguage\":\"de\"}]}<\/script>\n<!-- \/ Yoast SEO plugin. -->","yoast_head_json":{"title":"Herzlich Willkommen -","robots":{"index":"index","follow":"follow","max-snippet":"max-snippet:-1","max-image-preview":"max-image-preview:large","max-video-preview":"max-video-preview:-1"},"canonical":"http:\/\/www.altstadthort.altlandsberg.de\/","og_locale":"de_DE","og_type":"article","og_title":"Herzlich Willkommen -","og_description":"&nbsp; &nbsp; Liebe Eltern,an dieser Stelle m\u00f6chten wir Ihnen einen Eindruck unserer&nbsp;Horteinrichtung vermitteln und viele Tipps und Hilfestellungen f\u00fcr Sie und Ihre Kinder zur Verf\u00fcgung stellen. Wir freuen uns auch auf Hilfen Ihrerseits. Wie und Womit erfahren Sie in unserem monatlichen Elternbrief&nbsp;oder aber \u00fcber unseren F\u00f6rderverein des Altstadt-Hortes. &nbsp; ACHTUNG &#8211; Ferienanmeldung f\u00fcr den 26.05.2026 [&hellip;]","og_url":"http:\/\/www.altstadthort.altlandsberg.de\/","article_modified_time":"2026-04-29T13:01:44+00:00","og_image":[{"width":727,"height":672,"url":"http:\/\/www.altstadthort.altlandsberg.de\/wp-content\/uploads\/2024\/12\/Julia_Interview.png","type":"image\/png"}],"twitter_card":"summary_large_image","twitter_misc":{"Gesch\u00e4tzte Lesezeit":"1\u00a0Minute"},"schema":{"@context":"https:\/\/schema.org","@graph":[{"@type":"WebPage","@id":"http:\/\/www.altstadthort.altlandsberg.de\/","url":"http:\/\/www.altstadthort.altlandsberg.de\/","name":"Herzlich Willkommen -","isPartOf":{"@id":"http:\/\/www.altstadthort.altlandsberg.de\/#website"},"primaryImageOfPage":{"@id":"http:\/\/www.altstadthort.altlandsberg.de\/#primaryimage"},"image":{"@id":"http:\/\/www.altstadthort.altlandsberg.de\/#primaryimage"},"thumbnailUrl":"http:\/\/www.altstadthort.altlandsberg.de\/wp-content\/uploads\/2024\/12\/Julia_Interview-300x277.png","datePublished":"2015-07-16T07:06:39+00:00","dateModified":"2026-04-29T13:01:44+00:00","breadcrumb":{"@id":"http:\/\/www.altstadthort.altlandsberg.de\/#breadcrumb"},"inLanguage":"de","potentialAction":[{"@type":"ReadAction","target":["http:\/\/www.altstadthort.altlandsberg.de\/"]}]},{"@type":"ImageObject","inLanguage":"de","@id":"http:\/\/www.altstadthort.altlandsberg.de\/#primaryimage","url":"http:\/\/www.altstadthort.altlandsberg.de\/wp-content\/uploads\/2024\/12\/Julia_Interview.png","contentUrl":"http:\/\/www.altstadthort.altlandsberg.de\/wp-content\/uploads\/2024\/12\/Julia_Interview.png","width":727,"height":672},{"@type":"BreadcrumbList","@id":"http:\/\/www.altstadthort.altlandsberg.de\/#breadcrumb","itemListElement":[{"@type":"ListItem","position":1,"name":"Startseite","item":"http:\/\/www.altstadthort.altlandsberg.de\/"},{"@type":"ListItem","position":2,"name":"Herzlich Willkommen"}]},{"@type":"WebSite","@id":"http:\/\/www.altstadthort.altlandsberg.de\/#website","url":"http:\/\/www.altstadthort.altlandsberg.de\/","name":"","description":"","potentialAction":[{"@type":"SearchAction","target":{"@type":"EntryPoint","urlTemplate":"http:\/\/www.altstadthort.altlandsberg.de\/?s={search_term_string}"},"query-input":{"@type":"PropertyValueSpecification","valueRequired":true,"valueName":"search_term_string"}}],"inLanguage":"de"}]}},"_links":{"self":[{"href":"http:\/\/www.altstadthort.altlandsberg.de\/index.php?rest_route=\/wp\/v2\/pages\/38","targetHints":{"allow":["GET"]}}],"collection":[{"href":"http:\/\/www.altstadthort.altlandsberg.de\/index.php?rest_route=\/wp\/v2\/pages"}],"about":[{"href":"http:\/\/www.altstadthort.altlandsberg.de\/index.php?rest_route=\/wp\/v2\/types\/page"}],"author":[{"embeddable":true,"href":"http:\/\/www.altstadthort.altlandsberg.de\/index.php?rest_route=\/wp\/v2\/users\/2"}],"replies":[{"embeddable":true,"href":"http:\/\/www.altstadthort.altlandsberg.de\/index.php?rest_route=%2Fwp%2Fv2%2Fcomments&post=38"}],"version-history":[{"count":169,"href":"http:\/\/www.altstadthort.altlandsberg.de\/index.php?rest_route=\/wp\/v2\/pages\/38\/revisions"}],"predecessor-version":[{"id":1250,"href":"http:\/\/www.altstadthort.altlandsberg.de\/index.php?rest_route=\/wp\/v2\/pages\/38\/revisions\/1250"}],"wp:attachment":[{"href":"http:\/\/www.altstadthort.altlandsberg.de\/index.php?rest_route=%2Fwp%2Fv2%2Fmedia&parent=38"}],"curies":[{"name":"wp","href":"https:\/\/api.w.org\/{rel}","templated":true}]}}